5 - (2 + -3))
1
(4 + -6 - 5) + 6
-1
Calculate (1 - 3) + -46 + 39.
-9
Calculate -1 + 2 + (7 - (-12 + 15)).
5
Evaluate 2 + -4 + -8 + (14 - 11).
-7
What is the value of -2 + 0 - (6 - 12)?
4
(6 - (3 + 6)) + -3
-6
Calculate 3 - (0 + 6 + -3 + 2).
-2
What is the value of 29 + -31 + 8 + 0 - 0?
6
2 - (-5 + (-1 - -1 - -3))
4
Evaluate -6 + 2 + 5 + -1 + 3.
3
Calculate -6 + 11 + -6 + -6.
-7
What is the value of -1 + 0 + 11 + -5?
5
(0 - (-1 + (0 - -6))) + 2
-3
Calculate 10 - 7 - (3 - (0 - 0)).
0
Calculate (5 - 13) + 5 + 10.
7
Evaluate -4 + 10 - 3 - 6.
-3
Evaluate (-11 - (-7 + -19)) + -9.
6
What is the value of (-5 + 6 - 1) + 0?
0
Evaluate 3 - (-9 + 10) - 3.
-1
What is the value of (-4 - -4) + -2 + -1?
-3
Calculate (-42 - -48) + -6 + 0.
0
Calculate 2 + -3 + 2 + -2.
-1
Calculate 1 + 0 - (-2 - (-7 + 0)).
-4
-10 + 5 + 2 + -5 + 12
4
What is the value of 2 - -5 - (9 - 0)?
-2
Calculate 3 + -5 + -6 + 4.
-4
5 - (4 - (0 + -10 - -6))
-3
What is -17 + (18 - 3) - (-3 - 2)?
3
Calculate 6 + (-3 - -3) + (-11 - -10).
5
33 + -28 + -5 + 2
2
Evaluate -10 - (-10 - -15 - 6).
-9
Calculate 1 + -1 - 0 - 1.
-1
What is 1 - (6 - 2) - (-56 + 60)?
-7
Calculate 1 + (-6 - 0) + -4 + 4.
-5
6 + -2 - (18 - 11)
-3
Calculate (0 - (0 + -2)) + (22 - 20).
4
Evaluate (11 + -11 - 0) + 5.
5
What is the value of -13 + (13 - (6 - -3))?
-9
What is the value of -7 + (14 - 3 - 1) + -5?
-2
Evaluate 3 + -3 + (1 - (6 + -3)).
-2
-2 - (5 - 7 - 1)
1
What is the value of -12 + 5 - (16 + -14)?
-9
Calculate 7 + -1 + (-34 - -25) + 0.
-3
What is the value of -1 - -4 - (-81 - -89)?
-5
What is the value of (-4 - -6) + (-15 - -17)?
4
What is (1 - 1) + (-16 - -9)?
-7
Calculate 0 + (3 - 3 - 3).
-3
-3 - -3 - (-5 + 8)
-3
What is the value of -1 + (2 - (0 - (-1 + 3)))?
3
What is 0 - (5 + 8) - -9?
-4
(-1 - 3) + (-12 - -8) + 12
4
What is -2 + (-1 + -5 - -8 - 5)?
-5
Evaluate (-6 - -11 - 11) + 8.
2
What is the value of 4 + (-4 - (-5 + (-5 - -11)))?
-1
What is the value of (-8 - -19 - 9) + 2 + -1?
3
Evaluate -1 + 6 + -5 + (-4 - -8).
4
What is -4 - (11 + -10 - 9)?
4
What is the value of -5 + 1 + -1 + 2?
-3
What is the value of -7 - (-1 + 7 + 0 - 4)?
-9
What is -11 + 13 - (4 - 1)?
-1
Calculate -6 - ((-1 - -8) + -8).
-5
Calculate (2 - -1 - 0) + -13 + 11.
1
What is the value of 8 + -12 - (-17 - -9)?
4
What is the value of 24 + -24 - (-1 - (-2 - -4))?
3
What is (30 - 29) + -2 + 1?
0
What is the value of 1 - (-3 + 7 - 1 - 5)?
3
What is -4 - 1 - -2 - -8?
5
Evaluate 2 + ((-3 - -3) + 3 - 0).
5
What is the value of (0 - -5) + (1 - 1)?
5
What is 2 + 2 - (-2 - -3)?
3
What is -5 + (0 - (5 - 4))?
-6
What is -1 - (4 - (-4 - -9))?
0
Calculate -5 + 19 + -1 + -8.
5
What is 6 + 7 + -9 - 4?
0
Evaluate -2 + (-1 - -3) - 2.
-2
What is 6 - (1 - (-3 - -2))?
4
(-2 - (2 - 3)) + (31 - 31)
-1
Evaluate (-23 - -17) + 1 + 3.
-2
What is -2 + 1 - (53 + -49)?
-5
4 + (-4 - (-2 + 5 + 2))
-5
Evaluate -2 - ((4 - 10) + 1 + 3).
0
What is the value of -14 + 9 + 5 - (-1 + -4)?
5
What is (9 - 10) + (-1 + 1 - -1)?
0
What is (1 - 0) + 2 + -2?
1
What is the value of (1 - 12) + (9 + -14 - -12)?
-4
What is the value of 4 + -1 - 2 - (1 - 0)?
0
Calculate (1 - (-1 + -6 + 15)) + 2.
-5
What is (9 + -11 - -3) + -8?
-7
Evaluate 6 - 6 - (-3 - 1).
4
What is the value of -1 + 8 + -3 + (-14 - -14)?
4
What is 4 - 1 - ((6 - 4) + -2)?
3
What is -6 + -5 + (0 - -6) - -4?
-1
Calculate 1 - -6 - (8 - 4).
3
2 - (-5 + (3 - 2) + 3)
3
Evaluate 0 + -4 + (-3 - -4).
-3
What is the value of 1 + (6 - ((7 - 2) + -3))?
5
Evaluate 13 - (2 - -7) - 2.
2
What is the value of -2 - (2 - (-9 - (1 - 7)))?
-7
What is the value of (0 - (-1 + 2)) + 7?
6
What is -2 - (6 - (5 + 1))?
-2
What is the value of -5 - -7 - (4 + 2)?
-4
Calculate 0 - (-1 - (0 + -2)).
-1
2 + (-5 - (0 + -5))
2
Evaluate 12 - (4 - (-8 - 0)).
0
(-2 - -2) + 2 + -4
-2
Calculate -12 + 6 - 0 - -4.
-2
8 + -7 + (-2 - (0 - -2))
-3
Calculate 0 + 0 + -1 + 6 + -7.
-2
What is 12 + 8 + -14 - 2?
4
What is (4 - (-3 + 4 + -1)) + -4?
0
Calculate -1 - (1 + (-2 - -1)).
-1
Calculate -4 + (0 + 3 - -4).
3
What is 4 + 8 + (2 + -9 - -2)?
7
What is 4 + -3 + (3 - (3 + -4))?
5
What is 3 + (-2 - (-2 - 1))?
4
Evaluate -4 + -3 + 4 + 7.
4
-36 + 34 + 0 + 1 + -1
-2
Calculate (-16 - (-4 - 5)) + 1 + 7.
1
5 + -3 + -1 + 1 + 0
2
Evaluate (1 - -1) + (-3 - (0 - 2)).
1
-6 + 13 + (0 - 6)
1
What is -6 + 12 + -6 - (1 + -3)?
2
What is (-3 + 3 - (0 - 1)) + 0?
1
What is (8 - (0 + 0)) + -61 + 48?
-5
1 + -4 + (-2 - (-5 + -2))
2
-3 + 2 - (-1 - (0 + -1))
-1
Calculate (-5 - 2) + 47 + -43.
-3
What is the value of -7 + (8 - 5) - (-1 - 1)?
-2
What is the value of 0 - (5 + -5) - (1 - -3)?
-4
Calculate -3 + 3 + -6 + 4 - -5.
3
What is the value of 6 + -9 + -3 - (0 + -1)?
-5
Evaluate -1 - 1 - (8 - 5).
-5
What is the value of 5 + -3 - (3 + -7)?
6
Evaluate -2 + -9 + 4 + 5.
-2
What is 5 + -9 + (-6 - (-21 + 4))?
7
Calculate 0 + 4 - (32 + -20).
-8
What is 2 + 8 + -14 - (1 - -1)?
-6
What is 2 - (6 + -6 + 0)?
2
-101 + 103 + 0 + 5
7
What is -8 + 0 - (13 + -11 + -10)?
0
0 + 4 - 7 - -1
-2
Calculate 2 - ((1 - -6) + (3 - 5)).
-3
-3 + -1 + (2 - (-2 + 4))
-4
What is -3 - (0 - 5) - 3?
-1
(-12 - -10) + -8 + 17
7
What is 1 + (-7 + 14 - 5) + 5?
8
What is 5 - -1 - (-1 - 0 - -3)?
4
Evaluate -3 + (2 - (-3 - (-6 - 0))).
-4
Calculate 7 - (-1 + (2 - -1)).
5
What is the value of 2 - -4 - (6 - -3)?
-3
What is the value of (1 - -2) + 3 + -6 - 0?
0
What is 8 - 5 - (3 - (4 - 0))?
4
What is 132 + -134 + 1 + -1 + 4?
2
Evaluate -17 + 14 - (1 - 1).
-3
Evaluate 8 + (1 - 6) + -3.
0
What is (4 - 8) + (2 - -2 - -1)?
1
What is -7 + (-3 + -5 - (-15 - 0))?
0
Evaluate 6 + 1 + (1 - 4) + -3.
1
What is (-1 - -1) + 0 + -5 - 1?
-6
Evaluate -1 - 3 - (-5 - (3 - 5)).
-1
Evaluate -2 + -7 + 1 + 11.
3
Evaluate 22 + -9 - (4 - -2).
7
What is 2 + (0 - -1) + -6?
-3
8 - (-4 + 19) - 1
-8
What is the value of -3 - -9 - -3 - 6?
3
Evaluate 0 + -6 + 11 + -7.
-2
-2 - 3 - (-30 - -24)
1
3 + -1 + -4 - (-3 - 0)
1
What is -2 + (5 - (-1 + 2))?
2
What is the value of -37 - -46 - (-1 + 2 - -1)?
7
What is -3 - -5 - (-30 - -30)?
2
Evaluate 7 - (-2 - -11) - (-1 + 4).
-5
10 - (1 - (-2 + -10))
-3
Evaluate -44 + 36 + (4 - 0).
-4
What is -4 + 4 + (-2 - 2)?
-4
What is the value of -4 + 9 + 3 - (3 - 0)?
5
Evaluate -1 + (-5 + 5 - -3).
2
Calculate 0 + 0 + -3 - (-1 - 3).
1
What is the value of 7 - ((1 - 3) + 3)?
6
What is (8 - 2) + (0 - 5) - 4?
-3
What is the value of -6 - (-7 + -5 + -5 + 13)?
-2
Calculate -2 + -2 + -2 - -14.
8
What is 1 + 0 + -4 + (46 - 44)?
-1
What is the value of 3 + 7 + -2 + -3?
5
Evaluate (3 - 4 - 4) + 5.
0
Evaluate 1 + (3 + -4 - 0 - 0).
0
Calculate -20 + 11 + 3 + -1.
-7
Evaluate (-4 - -2) + (-2 - (-1 + -2)).
-1
Calculate 10 + -1 - (-54 - -61).
2
Evaluate 11 + (-12 - -18 - 13).
4
What is the value of (0 - (-8 + 3)) + -7?
-2
18 + -20 + (0 - 0) + 1
-1
-18 - (13 + -29) - (-4 - 0)
2
What is the value of 0 - (2 - 3) - (1 - -4)?
-4
4 + -9 + 4 + 0
-1
Evaluate -2 + (-11 - -7) + 10.
4
What is the value of 1 + (2 - ((5 - 0) + -4))?
2
Evaluate -6 + (-4 - (-10 - -5) - 4).
-9
What is the value of (-10 - (2 + -7) - -8) + 2?
5
What is the value of 0 + 4 + (-9 - (-13 + 10))?
-2
32 + -20 + -19 + -1
-8
Evaluate (-6 - (6 + -10)) + 2.
0
Evaluate (0 + 0 - (-1 - -4)) + 6.
3
What is the value of -2 + 1 + (-3 - -8) + -14?
-10
What is the value of 1 - 5 - (10 - (17 + -8))?
-5
What is (-1 - (-1 + 0)) + (-41 - -37)?
-4
What is 2 - (-10 - -6) - (8 - 4)?
2
13 - ((5 - (2 + 2)) + 4)
8
What is the value of 1 + 2 - (12 + -11)?
2
Calculate (2 - -4) + 11 + -21.
-4
Evaluate -1 - (-3 + -3 + 6 + 2).
-3
(0 - -1) + (27 - 12 - 7)
9
What is the value of -3 - (-9 - -3) - (-3 + 4)?
2
What is the value of 4 + (-6 - -3) + 1?
2
Evaluate -11 - 0 - (14 + -23).
-2
What is 0 + 1 + -18 + 15?
-2
Evaluate 3 - 0 - (-3 + 0).
6
Calculate -2 + 8 + -17 + 15.
4
What is the value of (1 - (2 - 4)) + (0 - -2)?
5
Evaluate 12 + -18 + 7 + -2.
-1
What is the value of (3 - (7 + -1)) + 1 + 6?
4
Calculate -6 - -2 - -6 - 4.
-2
Evaluate -1 - -3 - (12 + 9 + -18).
-1
What is the value of 1 - (-3 - (2 - 3))?
3
What is -11 + (20 - (-3 - -13))?
-1
What is 6 - -3 - (0 + 4)?
5
What is -4 + (-4 - -3) + 4?
-1
1 - 3 - (-4 - -2)
0
-5 + 5 + (14 - 4)
10
Evaluate 5 + (-2 + -7 + 1 - 2).
-5
What is -5 + (2 - 4) + 1 + 9?
3
3 - (-5 - (-3 + 5) - -3)
7
Calculate -2 - (3 - (-4 - -3) - 6).
0
What is 3 + -7 + 2 + 1?
-1
Calculate 3 + (3 - 14) + 6.
-2
Eval